r when 11741 is divided by 236.
177
Calculate the remainder when 19878 is divided by 1.
0
Calculate the remainder when 48601 is divided by 5394.
55
Calculate the remainder when 238080 is divided by 79356.
12
What is the remainder when 14376 is divided by 50?
26
What is the remainder when 12628 is divided by 253?
231
What is the remainder when 875677 is divided by 208?
205
What is the remainder when 2593196 is divided by 153?
152
Calculate the remainder when 239053 is divided by 158.
157
What is the remainder when 4848 is divided by 214?
140
What is the remainder when 10557 is divided by 264?
261
What is the remainder when 5178 is divided by 48?
42
What is the remainder when 376 is divided by 274?
102
What is the remainder when 524515 is divided by 40?
35
Calculate the remainder when 19491 is divided by 19477.
14
Calculate the remainder when 52199 is divided by 29.
28
Calculate the remainder when 38056 is divided by 7602.
46
Calculate the remainder when 21617 is divided by 408.
401
What is the remainder when 137265 is divided by 21?
9
Calculate the remainder when 393544 is divided by 22.
8
Calculate the remainder when 14429 is divided by 28.
9
Calculate the remainder when 3342 is divided by 135.
102
What is the remainder when 1586170 is divided by 42?
40
What is the remainder when 2193 is divided by 2183?
10
What is the remainder when 28892 is divided by 435?
182
What is the remainder when 177604 is divided by 59?
14
Calculate the remainder when 12760 is divided by 110.
0
What is the remainder when 2318 is divided by 632?
422
Calculate the remainder when 54265 is divided by 6009.
184
Calculate the remainder when 13215 is divided by 8.
7
Calculate the remainder when 261412 is divided by 18.
16
Calculate the remainder when 2080 is divided by 65.
0
Calculate the remainder when 472546 is divided by 5027.
8
What is the remainder when 11369 is divided by 57?
26
Calculate the remainder when 1964 is divided by 328.
324
Calculate the remainder when 25926 is divided by 1455.
1191
Calculate the remainder when 133678 is divided by 37.
34
Calculate the remainder when 43857 is divided by 873.
207
What is the remainder when 14018 is divided by 4660?
38
Calculate the remainder when 16971 is divided by 16937.
34
Calculate the remainder when 49666 is divided by 23.
9
What is the remainder when 2469 is divided by 607?
41
What is the remainder when 37993 is divided by 1461?
7
What is the remainder when 10410 is divided by 5174?
62
What is the remainder when 12267 is divided by 2451?
12
Calculate the remainder when 31916 is divided by 813.
209
Calculate the remainder when 4513 is divided by 4451.
62
What is the remainder when 76022 is divided by 256?
246
What is the remainder when 715303 is divided by 923?
901
What is the remainder when 6582 is divided by 165?
147
Calculate the remainder when 5369 is divided by 796.
593
What is the remainder when 50473 is divided by 885?
28
Calculate the remainder when 1664591 is divided by 496.
15
Calculate the remainder when 1967 is divided by 104.
95
What is the remainder when 8171 is divided by 71?
6
Calculate the remainder when 74776 is divided by 134.
4
Calculate the remainder when 27431 is divided by 6680.
711
What is the remainder when 54566 is divided by 71?
38
What is the remainder when 21455 is divided by 740?
735
Calculate the remainder when 10087 is divided by 52.
51
What is the remainder when 28531 is divided by 2410?
2021
Calculate the remainder when 36043 is divided by 207.
25
Calculate the remainder when 116621 is divided by 31.
30
Calculate the remainder when 2408384 is divided by 35.
34
What is the remainder when 18025 is divided by 25?
0
Calculate the remainder when 12162 is divided by 86.
36
Calculate the remainder when 15612 is divided by 1731.
33
Calculate the remainder when 1533 is divided by 29.
25
Calculate the remainder when 72431 is divided by 4525.
31
What is the remainder when 291810 is divided by 13?
12
What is the remainder when 90090 is divided by 757?
7
What is the remainder when 56782 is divided by 104?
102
What is the remainder when 4384 is divided by 173?
59
Calculate the remainder when 8184 is divided by 882.
246
Calculate the remainder when 9547 is divided by 1728.
907
Calculate the remainder when 381 is divided by 359.
22
What is the remainder when 53028 is divided by 681?
591
Calculate the remainder when 457926 is divided by 65418.
0
What is the remainder when 150954 is divided by 680?
674
Calculate the remainder when 6862488 is divided by 14.
10
What is the remainder when 179638 is divided by 41?
17
Calculate the remainder when 893166 is divided by 16.
14
Calculate the remainder when 88234 is divided by 54.
52
What is the remainder when 2154 is divided by 543?
525
What is the remainder when 496813 is divided by 10800?
13
Calculate the remainder when 504 is divided by 169.
166
Calculate the remainder when 18468 is divided by 9191.
86
What is the remainder when 2789 is divided by 1394?
1
Calculate the remainder when 6180 is divided by 1541.
16
Calculate the remainder when 6315 is divided by 1566.
51
What is the remainder when 26411 is divided by 29?
21
What is the remainder when 10636 is divided by 1769?
22
What is the remainder when 45698 is divided by 55?
48
What is the remainder when 1790 is divided by 68?
22
What is the remainder when 44879 is divided by 187?
186
Calculate the remainder when 3059 is divided by 948.
215
Calculate the remainder when 189643 is divided by 108.
103
Calculate the remainder when 2783365 is divided by 1288.
1285
Calculate the remainder when 309571 is divided by 477.
475
What is the remainder when 352629 is divided by 647?
14
What is the remainder when 3648 is divided by 210?
78
Calculate the remainder when 679366 is divided by 23426.
12
What is the remainder when 563 is divided by 141?
140
Calculate the remainder when 16502 is divided by 422.
44
What is the remainder when 122970 is divided by 40?
10
Calculate the remainder when 143902 is divided by 1142.
10
What is the remainder when 1109313 is divided by 169?
166
What is the remainder when 10022 is divided by 45?
32
What is the remainder when 847 is divided by 183?
115
Calculate the remainder when 7523 is divided by 204.
179
Calculate the remainder when 76053 is divided by 25351.
0
What is the remainder when 4249 is divided by 385?
14
What is the remainder when 163054 is divided by 316?
314
Calculate the remainder when 27643 is divided by 25.
18
What is the remainder when 3881 is divided by 126?
101
Calculate the remainder when 108823 is divided by 9893.
0
What is the remainder when 2679 is divided by 682?
633
What is the remainder when 81229 is divided by 144?
13
What is the remainder when 12278 is divided by 208?
6
Calculate the remainder when 129499 is divided by 228.
223
What is the remainder when 220428 is divided by 70?
68
Calculate the remainder when 45488 is divided by 116.
16
What is the remainder when 12237 is divided by 358?
65
Calculate the remainder when 3106 is divided by 162.
28
What is the remainder when 118356 is divided by 377?
355
Calculate the remainder when 34649 is divided by 90.
89
Calculate the remainder when 9880 is divided by 1975.
5
Calculate the remainder when 11798 is divided by 2801.
594
What is the remainder when 23591 is divided by 381?
350
What is the remainder when 974 is divided by 201?
170
Calculate the remainder when 33202 is divided by 590.
162
Calculate the remainder when 3875 is divided by 121.
3
What is the remainder when 783541 is divided by 226?
225
Calculate the remainder when 10449 is divided by 55.
54
What is the remainder when 220391 is divided by 310?
291
What is the remainder when 12071 is divided by 5?
1
What is the remainder when 424933 is divided by 1778?
1769
What is the remainder when 250902 is divided by 103?
97
What is the remainder when 244524 is divided by 8?
4
Calculate the remainder when 12144 is divided by 6039.
66
Calculate the remainder when 15948 is divided by 30.
18
What is the remainder when 2697031 is divided by 17?
15
What is the remainder when 5004 is divided by 16?
12
What is the remainder when 18678 is divided by 29?
2
What is the remainder when 1488 is divided by 371?
4
What is the remainder when 11421 is divided by 106?
79
What is the 